{"id":1321,"date":"2023-01-08T01:25:45","date_gmt":"2023-01-08T01:25:45","guid":{"rendered":"https:\/\/plnindigenas.org\/?page_id=1321"},"modified":"2023-01-16T17:57:06","modified_gmt":"2023-01-16T17:57:06","slug":"sede","status":"publish","type":"page","link":"https:\/\/plnindigenas.org\/index.php\/sede\/","title":{"rendered":"Sede"},"content":{"rendered":"\n<p>El evento se llevar\u00e1 a cabo en el Teatro Emperador en P\u00e1tzcuaro Michoac\u00e1n, M\u00e9xico, los d\u00edas 8, 9 y 10 de marzo.<\/p>\n","protected":false},"excerpt":{"rendered":"<p>El evento se llevar\u00e1 a cabo en el Teatro Emperador en P\u00e1tzcuaro Michoac\u00e1n, M\u00e9xico, los d\u00edas 8, 9 y 10 de marzo.<\/p>\n","protected":false},"author":3,"featured_media":0,"parent":0,"menu_order":0,"comment_status":"closed","ping_status":"closed","template":"","meta":{"footnotes":""},"class_list":["post-1321","page","type-page","status-publish","hentry"],"_links":{"self":[{"href":"https:\/\/plnindigenas.org\/index.php\/wp-json\/wp\/v2\/pages\/1321","targetHints":{"allow":["GET"]}}],"collection":[{"href":"https:\/\/plnindigenas.org\/index.php\/wp-json\/wp\/v2\/pages"}],"about":[{"href":"https:\/\/plnindigenas.org\/index.php\/wp-json\/wp\/v2\/types\/page"}],"author":[{"embeddable":true,"href":"https:\/\/plnindigenas.org\/index.php\/wp-json\/wp\/v2\/users\/3"}],"replies":[{"embeddable":true,"href":"https:\/\/plnindigenas.org\/index.php\/wp-json\/wp\/v2\/comments?post=1321"}],"version-history":[{"count":3,"href":"https:\/\/plnindigenas.org\/index.php\/wp-json\/wp\/v2\/pages\/1321\/revisions"}],"predecessor-version":[{"id":1401,"href":"https:\/\/plnindigenas.org\/index.php\/wp-json\/wp\/v2\/pages\/1321\/revisions\/1401"}],"wp:attachment":[{"href":"https:\/\/plnindigenas.org\/index.php\/wp-json\/wp\/v2\/media?parent=1321"}],"curies":[{"name":"wp","href":"https:\/\/api.w.org\/{rel}","templated":true}]}}

<p>El evento se llevará a cabo en el Teatro Emperador en Pátzcuaro Michoacán, México, los días 8, 9 y 10 de marzo.</p>
